hat is the thousands digit of 593492283?
2
What is the thousands digit of 25057763?
7
What is the millions digit of 152231797?
2
What is the tens digit of 159538432?
3
What is the ten millions digit of 571867857?
7
What is the tens digit of 208766148?
4
What is the hundred thousands digit of 112821457?
8
What is the hundred millions digit of 937083297?
9
What is the hundred thousands digit of 29595065?
5
What is the ten thousands digit of 27529519?
2
What is the ten thousands digit of 719994373?
9
What is the millions digit of 1794222658?
4
What is the ten thousands digit of 30614070?
1
What is the tens digit of 857497?
9
What is the ten thousands digit of 447291716?
9
What is the thousands digit of 2768253917?
3
What is the ten thousands digit of 22670695?
7
What is the hundred thousands digit of 394423198?
4
What is the hundred thousands digit of 63940199?
9
What is the tens digit of 98176913?
1
What is the ten millions digit of 1970119814?
7
What is the hundred millions digit of 1349167795?
3
What is the ten thousands digit of 716146104?
4
What is the tens digit of 87073823?
2
What is the thousands digit of 248645993?
5
What is the millions digit of 494129614?
4
What is the ten thousands digit of 3954027121?
2
What is the units digit of 112863472?
2
What is the ten thousands digit of 122324239?
2
What is the ten millions digit of 1618615385?
1
What is the thousands digit of 50586236?
6
What is the thousands digit of 41100525?
0
What is the thousands digit of 570134083?
4
What is the hundreds digit of 683788386?
3
What is the ten thousands digit of 350399997?
9
What is the hundred millions digit of 158021712?
1
What is the hundred thousands digit of 154136948?
1
What is the millions digit of 83899234?
3
What is the ten millions digit of 508548489?
0
What is the tens digit of 3693961695?
9
What is the thousands digit of 109658191?
8
What is the hundred thousands digit of 138341537?
3
What is the hundreds digit of 2844669788?
7
What is the ten millions digit of 529419011?
2
What is the thousands digit of 18371970?
1
What is the millions digit of 142613548?
2
What is the hundred millions digit of 1274819054?
2
What is the tens digit of 603367745?
4
What is the thousands digit of 6652334?
2
What is the thousands digit of 1228502615?
2
What is the ten millions digit of 452738537?
5
What is the ten thousands digit of 279259085?
5
What is the units digit of 38569765?
5
What is the units digit of 419943029?
9
What is the tens digit of 176711031?
3
What is the hundreds digit of 3123196?
1
What is the thousands digit of 1235960?
5
What is the tens digit of 75549611?
1
What is the tens digit of 114255853?
5
What is the tens digit of 3053368534?
3
What is the hundred thousands digit of 96842702?
8
What is the hundred thousands digit of 196081250?
0
What is the ten millions digit of 305175825?
0
What is the millions digit of 49642148?
9
What is the hundred thousands digit of 81377168?
3
What is the ten thousands digit of 83666761?
6
What is the thousands digit of 233966555?
6
What is the tens digit of 230744589?
8
What is the ten thousands digit of 725125162?
2
What is the thousands digit of 77529731?
9
What is the ten thousands digit of 48184661?
8
What is the thousands digit of 238080792?
0
What is the units digit of 134999793?
3
What is the ten thousands digit of 1384659782?
5
What is the ten millions digit of 18134973?
1
What is the ten millions digit of 56989884?
5
What is the hundreds digit of 3559133720?
7
What is the millions digit of 14477171?
4
What is the hundreds digit of 6326382?
3
What is the millions digit of 4829844958?
9
What is the hundreds digit of 1472361401?
4
What is the millions digit of 7085220?
7
What is the hundreds digit of 50582868?
8
What is the ten thousands digit of 57047647?
4
What is the hundreds digit of 34802376?
3
What is the hundreds digit of 30740905?
9
What is the hundreds digit of 188444879?
8
What is the tens digit of 290769664?
6
What is the tens digit of 252989347?
4
What is the units digit of 46787452?
2
What is the ten thousands digit of 113356530?
5
What is the hundred millions digit of 185433703?
1
What is the millions digit of 356953712?
6
What is the thousands digit of 546095443?
5
What is the ten millions digit of 104063686?
0
What is the hundred thousands digit of 752433822?
4
What is the thousands digit of 54988124?
8
What is the tens digit of 5272745?
4
What is the billions digit of 2059602976?
2
What is the thousands digit of 44096124?
6
What is the hundreds digit of 13678925?
9
What is the hundred millions digit of 1014252007?
0
What is the ten thousands digit of 1026082828?
8
What is the billions digit of 1180329233?
1
What is the hundred millions digit of 338891791?
3
What is the hundred thousands digit of 30565526?
5
What is the billions digit of 1815831437?
1
What is the hundred millions digit of 130520192?
1
What is the thousands digit of 3802338162?
8
What is the millions digit of 379045006?
9
What is the hundred thousands digit of 57432611?
4
What is the thousands digit of 356010074?
0
What is the hundred thousands digit of 616935429?
9
What is the ten millions digit of 347614088?
4
What is the hundred millions digit of 112300832?
1
What is the tens digit of 5273277483?
8
What is the ten thousands digit of 694293673?
9
What is the hundred millions digit of 696313422?
6
What is the thousands digit of 1634183615?
3
What is the thousands digit of 96632927?
2
What is the billions digit of 4239042214?
4
What is the hundreds digit of 1519718488?
4
What is the tens digit of 1755337434?
3
What is the millions digit of 857491548?
7
What is the hundred thousands digit of 1520415556?
4
What is the hundred millions digit of 252637953?
2
What is the ten thousands digit of 993989117?
8
What is the hundreds digit of 3067544555?
5
What is the units digit of 513744998?
8
What is the millions digit of 5682033?
5
What is the ten thousands digit of 57477048?
7
What is the thousands digit of 23120265?
0
What is the tens digit of 32880545?
4
What is the millions digit of 64799908?
4
What is the ten thousands digit of 1219704990?
0
What is the hundreds digit of 5032241469?
4
What is the tens digit of 830834113?
1
What is the millions digit of 596105244?
6
What is the thousands digit of 261019438?
9
What is the hundreds digit of 3740013?
0
What is the units digit of 3554667294?
4
What is the units digit of 1366789775?
5
What is the hundreds digit of 56481276?
2
What is the ten thousands digit of 273335856?
3
What is the millions digit of 337062011?
7
What is the hundreds digit of 14127349?
3
What is the ten thousands digit of 4627294588?
9
What is the hundreds digit of 557749824?
8
What is the tens digit of 2961137?
3
What is the hundred thousands digit of 9052208?
0
What is the hundred millions digit of 4634454152?
6
What is the hundred millions digit of 506448421?
5
What is the ten thousands digit of 285735152?
3
What is the ten millions digit of 1356546824?
5
What is the hundred millions digit of 507218103?
5
What is the thousands digit of 134264773?
4
What is the hundred thousands digit of 126358403?
3
What is the hundred millions digit of 195209875?
1
What is the thousands digit of 505112266?
2
What is the ten thousands digit of 6765477720?
7
What is the ten millions digit of 364476590?
6
What is the units digit of 58899835?
5
What is the tens digit of 1580284202?
0
What is the tens digit of 32400371?
7
What is the ten millions digit of 27852865?
2
What is the hundreds digit of 300109194?
1
What is the hundred thousands digit of 633502262?
5
What is the ten thousands digit of 1773595702?
9
What is the hundreds digit of 64282428?
4
What is the ten millions digit of 37453486?
3
What is the hundreds digit of 43103401?
4
What is the units digit of 877166384?
4
What is the tens digit of 15060308?
0
What is the ten millions digit of 36832508?
3
What is the thousands digit of 463777351?
7
What is the units digit of 835271225?
5
What is the thousands digit of 147870397?
0
What is the tens digit of 80087471?
7
What is the thousands digit of 1696932342?
2
What is the thousands digit of 916360263?
0
What is the millions digit of 3739816430?
9
What is the tens digit of 95680007?
0
What is the units digit of 61447740?
0